eatest common divisor of 2 and k.
1
Let n(i) = i + 6. Let d be n(-5). Calculate the highest common divisor of 2 and d.
1
Suppose -n + 4*s = -40, n - s = 4*s + 40. What is the highest common divisor of 5 and n?
5
Suppose -2*b = -4*q - 7*b + 690, -4*b - 183 = -q. What is the greatest common factor of q and 35?
35
Suppose 12*n - 2824 = -472. Let r(z) = -z + 28. Let b be r(0). What is the highest common divisor of b and n?
28
Suppose 2*q = 4*r - 339 - 159, -4*r + 3*q + 499 = 0. What is the greatest common divisor of r and 31?
31
Suppose 0 = -4*b - 0*b + 24. Let f(j) = j**3 + 9*j**2 - 11*j - 4. Let s be f(-10). Calculate the highest common factor of b and s.
6
Let a(k) = -k**3 - 7*k**2 - 5*k + 13. Let w be a(-6). Calculate the highest common factor of w and 49.
7
Let x(q) = -3*q**3 + 2*q**2. Suppose -c + 4*p + 1 = 0, 4*c = 5*c - 3*p. Let z be x(c). Calculate the greatest common factor of 9 and z.
9
Let a(v) = v + v - 3*v. Let d be a(-1). Let j = 17 - 9. Calculate the greatest common divisor of j and d.
1
Suppose -2*y + 24 = -q + 2*q, 0 = 5*q - 5*y - 75. Calculate the highest common divisor of 63 and q.
9
Let b = 11 + -6. Suppose -4*y = -25 + b. Suppose -5 = y*g - 95. What is the greatest common factor of g and 2?
2
Suppose c = -2*c - 12. Let f(p) be the first derivative of -15*p**2/2 - 4*p + 6. Let v be f(c). Calculate the highest common factor of v and 8.
8
Let s be (-5)/(10/13)*-10. Calculate the greatest common factor of s and 26.
13
Let r be (-2)/9 + 130/18. Let o be r*-2*(0 + -2). Let w = o - 17. What is the greatest common factor of 88 and w?
11
Suppose 0 = 2*i + 3*t - 38, -45 = -2*i + t - 15. Calculate the highest common divisor of i and 4.
4
Let g = -63 + 72. What is the greatest common divisor of 45 and g?
9
Suppose -2*h = -3*u - 7*h + 20, 2*u - 5*h = 5. What is the highest common divisor of u and 15?
5
Let i = 21 - 10. Suppose -49 = -f - 16. What is the greatest common divisor of f and i?
11
Let h(i) = 2*i**2 - 14*i - 8. Let x be h(11). What is the highest common divisor of 10 and x?
10
Let t be (-84)/(5 + -2 + -4). Let m = t + -46. What is the highest common factor of 57 and m?
19
Let g be -3*(32/(-6))/((-18)/(-9)). Calculate the greatest common divisor of g and 20.
4
Let z(o) = 71*o**3 + 2*o - 1. Let q be z(1). Suppose 0 = 5*c - 477 + q. Calculate the highest common factor of 9 and c.
9
Let s be (-2)/(-5) + 106/10. Suppose -5*y = -2*t + 4*t - 32, -y - 9 = -t. What is the highest common factor of t and s?
11
Suppose -4*h + 6*h - 21 = -3*s, 5*h = 2*s + 5. What is the highest common factor of 21 and h?
3
Let t be (-10)/15*90/(-4). What is the greatest common factor of 6 and t?
3
Let f(p) = p**3 - 11*p**2 + 3*p + 2. Let u be f(11). What is the greatest common divisor of 14 and u?
7
Suppose -4*d = -a + 2*a - 17, 18 = 3*d - a. Let k(b) = 3 + 1 - 12 + 5 + 2*b. Let l be k(d). Calculate the greatest common factor of l and 14.
7
Let d be 3/(6/(-8))*-1. Suppose 84 = 4*o + d. What is the greatest common factor of 30 and o?
10
Suppose 0 = -5*r + 20 + 35. Let x = -3 + r. Calculate the highest common divisor of 40 and x.
8
Let i = 18 + -10. Suppose -i = -3*c + c. Suppose -c = -f + 5. Calculate the highest common divisor of 63 and f.
9
Let a = -51 + 66. What is the highest common factor of a and 75?
15
Suppose -l = -6*l - 90. Let b = 28 + l. Let p be 1 + -2 + 2 + 4. Calculate the highest common factor of p and b.
5
Suppose -12*v + 15*v - 27 = 0. Calculate the highest common factor of 9 and v.
9
Suppose -32 = 41*p - 43*p. Let h(y) = y**3 + 3*y**2 + y - 4. Let z be h(4). What is the highest common factor of z and p?
16
Let d = 35 - -115. Suppose 6*g - d = g. Calculate the greatest common divisor of 20 and g.
10
Suppose -3*a + 9 = -0*a. Calculate the highest common divisor of 15 and a.
3
Suppose 40 = 4*q - 56. What is the highest common factor of q and 96?
24
Suppose -20 = 6*i - 8*i. Calculate the greatest common divisor of 70 and i.
10
Let n(p) = -24*p - 2 - 50*p - 3. Let x be n(-6). Suppose 0 = -4*w - 151 + x. What is the highest common divisor of w and 12?
12
Let g(v) = 2*v**2 + v + 126. Let o be g(0). What is the greatest common factor of o and 14?
14
Let m be (0 - 0)/(-1 + 2). Let n = m - 0. Suppose -4*z - 5*c + n*c + 11 = 0, 0 = 4*z + c - 15. Calculate the greatest common divisor of 12 and z.
4
Let i = -178 - -274. What is the greatest common divisor of 36 and i?
12
Suppose 25 = -5*c - 0. Let f be 1174/10 - (-2)/c. Let y = 183 - f. Calculate the highest common divisor of y and 6.
6
Suppose 3*m + 11 = b, 3*m + 37 = -b + 3*b. What is the greatest common divisor of b and 39?
13
Let j(s) = 43*s + 9. Let p be j(9). Calculate the greatest common factor of p and 36.
36
Suppose -11*q + 2*q = -360. What is the highest common factor of q and 40?
40
Suppose 0*n - 30 = -2*n + j, 3*n + 5*j - 58 = 0. What is the greatest common divisor of n and 24?
8
Let l be 2/4 + (-1)/2. Suppose 0 = -3*u + i + 6, -4*u + 2*i - 6 + 14 = l. Let b be 1 + (0 - 1) + u. What is the highest common factor of b and 5?
1
Let b(q) = 9*q. Let k be b(7). Let o be (-1)/(2/(-14) - 0). Calculate the highest common divisor of o and k.
7
Let z = -50 + 150. Suppose 4*k = -34 + 114. Suppose i = 2*i - k. Calculate the greatest common factor of z and i.
20
Let t(b) = b**3 + 9*b**2 + 7*b - 2. Let s be t(-8). Calculate the highest common divisor of 54 and s.
6
Let i(a) = a**3 - 2*a + 1. Let s be i(2). Suppose -v = -s*v + 96. What is the greatest common factor of v and 60?
12
Let y = 6 - -9. Suppose 5*n - 2*m - 340 = 0, -n - 2*m + 95 = y. Calculate the greatest common divisor of n and 14.
14
Let g = -7 - -4. Let h be 20*g/(9/(-3)). Calculate the greatest common divisor of 30 and h.
10
Suppose p + 4 = 7. Suppose -p*w = 2*g + 3 - 4, -1 = -g - w. Calculate the greatest common factor of 14 and g.
2
Let d(k) = -k**3 - 6*k**2 + 4*k - 9. Let n be d(-7). What is the greatest common divisor of 12 and n?
12
Suppose -163 - 719 = -7*b. Calculate the highest common divisor of b and 18.
18
Let u(q) = -q**2 - 12*q - 17. Let y be u(-9). Calculate the highest common divisor of 10 and y.
10
Let r be (-8)/(-10)*(-10)/(-4). Suppose 4*h = -2*a + 362, -r*a + 2*h + h + 383 = 0. Calculate the greatest common factor of a and 17.
17
Let j(b) be the first derivative of b**3/3 - 2*b**2 + 5*b - 6. Let m be j(4). What is the highest common divisor of m and 2?
1
Let f(t) = t**2 + 10*t + 6. Let i(k) = k**2 + 9*k + 5. Let y(s) = -3*f(s) + 2*i(s). Let a be y(-10). What is the greatest common factor of a and 108?
12
Suppose q = -1 + 12. What is the greatest common divisor of q and 44?
11
Suppose 3 + 12 = 5*c. Suppose t + 8 = c*t. Let r be (t/(-6))/((-4)/78). What is the greatest common divisor of r and 117?
13
Let q = 52 - 34. What is the highest common divisor of 12 and q?
6
Suppose -60 = -4*b - 12. Let x = 9 + 39. Calculate the greatest common factor of b and x.
12
Let r be (-3)/(-5) + (-552)/(-30). Let a(y) = -22*y**3 - 2*y**2 - 3*y - 3. Let f be a(-2). Calculate the highest common factor of r and f.
19
Let m be (-4)/2 + (-1 - -51). Suppose -m + 13 = -5*p. Let l = 23 + -9. Calculate the greatest common divisor of p and l.
7
Suppose 69 = 3*o - 93. What is the greatest common factor of o and 36?
18
Suppose 0 = 3*x - 2*x - 3. Let c = -18 + 27. Calculate the highest common factor of x and c.
3
Let o be 1/(-4) + 170/8. Let l(y) = y + 168. Let r be l(0). What is the greatest common factor of o and r?
21
Suppose 0 = -2*a + 7 - 15. Let p = 3 - a. What is the greatest common factor of 49 and p?
7
Let c = 59 + -47. What is the highest common divisor of c and 60?
12
Let v = 0 - -12. Suppose -i = -3*y - 4 - 2, i - 2*y = 8. Calculate the highest common factor of i and v.
12
Let s = 235 - 211. What is the greatest common factor of 40 and s?
8
Suppose -2*v = -v + 4*j - 11, 0 = 2*j. Let p be 664/6 - 4/6. Calculate the highest common factor of p and v.
11
Let c(k) = -k**2 + 18*k - 7. Let q = 13 + -6. Let m be c(q). Suppose 4*t - 37 = -3*g, -4*t + 37 + 6 = -3*g. Calculate the greatest common factor of m and t.
10
Suppose 4*b - 8 = -4*m, m + 8 = 3*b + 3*m. Suppose -b*r = -0*r + 4. Let v be 1/(r/(-35)*1). What is the highest common factor of 5 and v?
5
Suppose 0 = -y + 5*f + 30, -3*y + 5*f + 72 = -38. Let s be -1 + 20/((-6)/(-3)). Let c be 0 - 48/(s